8 + 1 + -1 - -21
32
What is -3 - (-20 + (12 - -20) + (-1 - (0 - 1)))?
-15
What is -5 - (-108 - (31 + -3)) - 28?
103
Evaluate -20 - -39 - -2 - 44.
-23
What is the value of 4 + -3 - (-4 + 61) - (20 + 33 + -55)?
-54
Calculate (1 - 4) + (-304 - -159 - -158).
10
Evaluate -8 - (9 - (-32 - -10)).
-39
45 + 80 + (-212 - -42)
-45
What is the value of (3 - ((17 - (6 - 1) - 15) + -7)) + -135?
-122
-47 - (2 + -30 + (6 - -8)) - (-1 + -2)
-30
Calculate -12 + (15 + -3 - (-16 - (0 + -19))) + 19.
16
Evaluate 4 + -125 + 158 + (-6 - -2) + -13.
20
(-103 - (16 + -24)) + (0 - 0 - 19 - -5)
-109
Calculate (-4 + -18 - -14 - -19) + 4 - (35 + 2).
-22
What is the value of 0 - (-6 + 11) - (-455 - -476)?
-26
What is 36 - 20 - ((-16 - -1) + (-1 - (-22 - -14)))?
24
-59 + 40 + 267 + -120
128
Calculate (105 - 40) + -36 + -38.
-9
What is (-105 + 94 - (42 + 2)) + -6 + 14?
-47
(536 - 488) + (5 - (-8 + 132))
-71
-27 + 1 + -4 + 8 - 11 - (-11 + 9)
-31
Calculate (45 - (35 + -90)) + -49.
51
What is -54 + 195 + -8 + 10 + (2 + 1 - 6)?
140
(0 - 1) + (-108 - -12) - (-85 - -38 - -36)
-86
What is the value of (1 - -4) + (-5 - (-38 - (28 + 27)))?
93
What is (46 - (19 + 11)) + 83 + 20?
119
Evaluate (-31 - -1) + (-966 - -988).
-8
What is the value of 34 + 10 + -31 + -16 - (1 - (-2 + -3))?
-9
Calculate 21 + (1 + -11 - (-132 - -125)).
18
What is ((2 - 5) + 3 - -3 - 87) + (2750 - 2744)?
-78
What is -19 - (-1 + 6 + 6 - (-9 - -14 - 0))?
-25
Evaluate (6208 - 6202) + -1 + -48.
-43
Evaluate (-69 - (-8 - 69)) + (-2 - 14).
-8
What is 138 + -35 + -72 + 10?
41
What is 8 + 14 + 6 + 0 + (1 - 0) - 4?
25
Evaluate 2 + (0 - 46) - ((52 - 37) + -9).
-50
(-82 - -59) + (-34 - -28)
-29
What is 17 + -3 + -14 + 27 + -33?
-6
Calculate ((-11 - -2) + -120 + 5 - 6) + (-15 - -5).
-140
What is the value of -14 - 1 - (18 + -9 + -62)?
38
(-7275 - -7268) + -18 + -1
-26
Calculate -323 + 315 - (-2 - -1 - -20).
-27
What is the value of -103 - (7 + 66 + -149)?
-27
What is the value of (-7 + 4 - (-114 - -171)) + 6?
-54
What is 21 + (-11 - 157) + (-1 - -40)?
-108
Evaluate 119 + (9 - -54) + -129.
53
Evaluate 130 - (-45 - (27 - 72) - -44).
86
-5 + 35 + -50 + (0 - (69 + -3))
-86
-1 + -15 + 2 + (-27 - -20)
-21
Calculate (64 - (119 + -86)) + -114.
-83
Evaluate (8 - (23 - 55 - -14)) + 50.
76
What is the value of (-40 - 97) + 42 - -41?
-54
Calculate 15 - -54 - (158 - 63).
-26
What is 4 + (-10 - (-1 + -43 - -53))?
-15
What is -7 - (13 + -4 + -11 + 3 - -2 - 75)?
65
What is the value of -48 - ((-45 - -29) + -60)?
28
Calculate 28 + -20 + 10 + 3 + 3 - (1 + 0).
23
Calculate 53 + 2 + -6322 + 6317.
50
What is the value of 76 + 63 + -31 + -84?
24
What is the value of 18 - (11 + -36) - (6 + (10 - 7))?
34
Calculate (1894 - 1863) + -32 + 1 + 5.
5
What is 3 + 5 - 20 - -42?
30
Calculate (-1 - (0 - 2)) + (-53 - (-8 + 43 + -30)).
-57
What is the value of (3 - -57) + (440 - 451)?
49
Calculate -7 + 13 + 3 + (-25 + 18 - -115).
117
What is the value of (-20 - (-96 - -74) - (1 - -1 - 2)) + -51?
-49
(11 - 30) + 53 + -83 - (0 - -7)
-56
What is the value of (-64 - 3) + 1 - (26 - (-38 + 62))?
-68
Evaluate -84 + (34 - (17 + -22 + 16)).
-61
6 + -16 + (0 - (-5 - -16) - 29) - -9
-41
Calculate -53 + 65 + -129 - -11 - (-2 + -20).
-84
(-34 - (-39 + -41)) + (7 - (0 + -1 - 0))
54
What is the value of 1 - 40 - (-1237 + 1256)?
-58
Evaluate -6 + 1 - ((16 + -49 - -15) + 26 + -13).
0
What is -25 + (-27 - -7 - -33 - -15)?
3
What is -3 + (-10 - (20 + -8 - 28)) + -1 + 16?
18
(-34 - -62 - -18) + (11 - 1) - 7
49
What is (-13 + -15 + 19 - (2 - (-4 + 87))) + -9?
63
What is the value of (23 - (26 + -16) - -2) + 24?
39
Calculate -332 + 319 + (15 - -1) - (-2 - -4 - 28).
29
What is -25 + 86 + (-10 - -18) - (7 - 13)?
75
Evaluate -60 + (-15 - (11 + -1 - 13 - (-2 - -7))).
-67
What is -25 + (47 - (48 - 30))?
4
Evaluate -68 - ((-32 - -39 - -29) + -30).
-74
What is 27 - 3 - (8 + (23 - 7))?
0
What is the value of 2 + (9 - -5 - -4)?
20
Evaluate (0 - 4 - 8) + -24 + -16 + 19.
-33
What is (-205 - -332) + -42 + -1?
84
What is (278 + -258 - (0 - -17)) + -45?
-42
What is the value of (-221 - -173) + (-1 + 19 - -1)?
-29
What is the value of (4 - 15) + 10 + -10 + 1?
-10
Calculate 8 + -41 + -1 - (-6 - -1 - (11 + -8)).
-26
13 + -149 + -439 + 570
-5
Calculate -38 + (61 - 13) + -12 + -17.
-19
Calculate (1 - -22) + (127 - 153).
-3
Calculate 2678 - 2603 - (16 + -5 + 5 + -2).
61
Evaluate (25 - (-24 + -5 + (5 - -11))) + 1.
39
Evaluate (-3 - 4) + -3 + 1 + (6 - -1).
-2
What is the value of 103 + (6 - 16) + -55?
38
What is the value of (-74 - -72) + -6 + (4 - 19)?
-23
Evaluate 24 + (-2 - (-3 - -2 - -3)) + 3276 + -3259.
37
Evaluate (-6 + 5 + -7 - (1 - 15)) + (-45 - -23).
-16
Evaluate (-9 - -2) + -65 + 70 + -1 + 0 + -9.
-12
What is -305 + 6 + 290 - (-45 - -1)?
35
What is the value of (-790 - -785) + (1 - -7) + -1 + -7?
-5
-2 + -5 + (19 - (2 - -4)) - -8
14
What is -76 + (-3 + -72 - -114)?
-37
What is -70 + 95 - (1 + 25)?
-1
-88 + 92 + (6 + -7 + -31 - -5) + -6
-29
(-4 - 7) + 14 + 28 + (7 - -16 - 14)
40
Calculate 6 + 2 + (-18 - (14 - 14) - -21).
11
Evaluate (100 - 124) + 0 + -8 + -4 + -4.
-40
Evaluate -14 + 38 + (-17 - -2) + (-10 - 3 - -4).
0
Calculate -210 - -210 - ((-3 - 2) + -26).
31
-5 - (-5 + 6 + (-14 - 5) - (-1 + -1))
11
What is the value of 16 + (-20 + 6 - -12) + 13?
27
Evaluate (-4 - 4) + 3 + (-8 - -13) - -24.
24
What is the value of (-28 + 103 - 50) + -60?
-35
What is the value of (-1 - (0 + -1)) + 4 + (-44206 - -44236) + 4?
38
Calculate 0 + 2 - ((-7 - (-5 + 3)) + -143 + 137).
13
Evaluate 1 + 33 - (-79 + 175 + -81).
19
What is the value of -156 + -113 + 42 + 86?
-141
What is (62 - 60) + (-2 - (1 - -6))?
-7
What is the value of 66 + -105 + 96 + -22 + 3?
38
What is the value of -2837 + 2842 + 1 + -34?
-28
1 + -17 + 85 + (-71 - -29)
27
Calculate 36 + (0 - 42) + (-12 - -1 - 1).
-18
What is the value of -7 + (52 - (11 - -43))?
-9
(-35 - -44) + (-3 - (-3 - -4) - -38)
43
What is the value of (-43 - -67) + 3 + -15 + -3 + -47?
-38
What is 116 - (93 + (-131 - -72))?
82
What is (-1334 - -1370) + (2 - 50) + 1?
-11
3891 + -3932 + (-3 - (2 - -1 - 22))
-25
Evaluate -8 - -43 - 10 - (-1 + 23).
3
Calculate -272 - -261 - (-1 + -21) - (41 - 1).
-29
Evaluate -38 + 106 - (13 - -16).
39
Evaluate -99 - (98 - 137 - 31).
-29
Evaluate -39 + 53 + (4 - -6).
24
What is (36 - 85) + -63 - -121?
9
Evaluate -80 + 1 + (-966 - -993).
-52
What is -113 - (27 + -95 + 49)?
-94
-24 + 14 + 17 + 30 - (-13 + 1)
49
6 + 3 + (-10 + -2 - -4) - 32
-31
Evaluate -107 - -28 - -38 - 37.
-78
What is 25 - 12 - (1 + -5 + -159 + 124)?
52
-2 + 18 - ((13 - -23) + -17)
-3
What is the value of (8 - (-4 + 19)) + (75 - (3 + -12) - 11)?
66
What is the value of (7 - -11) + 8 + (-150 - -129)?
5
What is 3 + -4 + -1 + -7 + (9 - 13) + 56?
43
Calculate -62 - (18 - (8 - 14)) - (-13 + 0).
-73
Evaluate 60 + (-64 - -86 - (0 + 5 + 6)).
71
What is the value of 37 - (17 - (-26 - (22 + -40)))?
12
What is 72 + -67 + (0 - -70) + (-76 - -68)?
67
What is the value of 24 + -1557 + 1561 + -13 + (-2 - 0)?
13
Calculate 5 + (3 - 43) + 4 + (-28 - 1) + 25.
-35
Evaluate 47 + 15 + -37 + (-16 + -3 - -38).
44
What is the value of 64 - (28 + 18 + -57) - (2 + -1)?
74
What is -22 + (-11 - (-12 + 4 + 16))?
-41
What is the value of -10 + 1 + 16 + 9 + (5 - (12 + -5))?
14
Evaluate -21 + (31 - 2) + (-3 - (4 + -44)) + 3.
48
What is (-2 - 20) + 1974 + -1936?
16
(-13 - -36) + -18 - 2 - (4 + 34 - 4)
-31
What is (-9 - -2) + (-9 - (31 - 33 - (9 - 1)))?
-6
What is the value of 17 - 4 - (-10 - (-8 - (13 + -6 + 0)))?
8
22 + -24 + -4 - -21 - -16
31
-2 + -5 - (62 + -35 + -9)
-25
What is the value of (15 - 0) + 32 + (-18 - (-13 + (8 - 4)))?
38
Calculate -43 - (-2 + 4 - (15 + 0)).
-30
What is -27 + 23 - -1 - (-15 + 46)?
-34
Calculate -10 + 320 + -389 + (13 - 0).
-66
Evaluate -63 + 9 + 1 + 11 + 13 + -22.
-51
Calculate 5 - (1 - (2 - -12 - 10)) - -133.
141
Evaluate 12 - (32 + -3 - (-2 - -11)) - -16.
8
What is the value of (-42 - (-7 + 17 + -21)) + 44?
13
(126 - 100) + -13 + 0 - (0 + -5)
18
24 + (27 - -7) - -6
64
Calculate -229 + 247 + -22 + -5 + 3.
-6
What is the value of -19 + (24 + -14 - -3 - -10) + 123?
127
What is the value of (4 - 1) + (-76 - ((-1 - -16) + -34))?
-54
Evaluate -13 + (-5 - (-32 - -15) - -22).
21
-22 + -5 + -2 + (2 - (0 - -10 - 12))
-25
What is -16 + 11 + 1 - (-10 + -4) - (2 + -52)?
60
What is the value